(-5). What is the highest common factor of o and 12?
4
Suppose -9*n + 11*n - 22 = 0. Suppose -2*i = -2*z - 4*i + 46, 0 = -3*i + 3. Let v be z/((-6)/(-3))*1. Calculate the greatest common factor of v and n.
11
Let f = -3 + 15. What is the highest common divisor of f and 1236?
12
Let m(b) = 34*b**2 - 3*b + 2. Let q be m(-2). Calculate the greatest common factor of 108 and q.
36
Let t(j) = -j**3 - j**2 + 1. Let b(n) = n**2 - 6*n - 4. Let i(v) = b(v) + 2*t(v). Let h be i(-2). Calculate the highest common factor of 22 and h.
22
Suppose -84 = -3*h - 2*o, 2*o + 56 = 2*h + 3*o. Let q = 170 + 138. Calculate the greatest common factor of h and q.
28
Let k = -1973 - -623. Let y = 2400 + k. Suppose -y = -x - 4*x. What is the highest common factor of x and 21?
21
Let g = 1986 - 1949. What is the greatest common divisor of g and 9?
1
Suppose 5*c - 5*z = 245, -2*c - 35*z + 98 = -36*z. Calculate the highest common divisor of c and 1.
1
Suppose -11 = 3*m - 2. Let k be -4 + (-6)/m - -7. Suppose 2*a - 153 = n - 4*n, k*a = n + 357. What is the greatest common factor of a and 8?
8
Suppose -6*k + 7*k - 115 = 0. Suppose 0*c + 5*a = 3*c - k, 4*a - 44 = -c. What is the greatest common divisor of c and 30?
10
Let a(w) = w**3 - 6*w**2 + 4. Let b be a(6). Let p(n) = 9 + 15 + 0 - 6*n + 5*n. Let u be p(-8). Calculate the highest common factor of u and b.
4
Suppose 4*f = d - 3*d + 62, -f = d - 27. Suppose -3*p + 44 = -o, -63 = -2*p - 2*o - d. Suppose r - 64 = -r. Calculate the highest common divisor of r and p.
16
Let x be 9 - -2 - (-2)/(-2). Let q be 6/x - 3*(-4)/30. What is the greatest common divisor of q and 8?
1
Let d(w) = 2*w**2 - 57*w - 87. Let o be d(30). Suppose -x - n = -13, 3*x + 2*n - 35 = -0*n. What is the highest common factor of o and x?
3
Let k be 1/2*133 - 84/168. Calculate the highest common factor of 1254 and k.
66
Suppose 13*c = 23*c + 140. Let j be (-302)/c - (-40)/(-70). What is the greatest common divisor of 3 and j?
3
Let c(h) = -h**3 + 15*h**2 + 5*h + 105. Let f be c(15). Calculate the greatest common divisor of f and 315.
45
Let w(c) = c**2 - 4*c - 108. Let s be w(-17). What is the highest common divisor of s and 332?
83
Let a = 318 + -317. Calculate the highest common divisor of 11 and a.
1
Let p = 8 - 8. Suppose p = 12*d - 15*d + 36. Let a be (4 - -1)*(-192)/(-10). Calculate the highest common factor of d and a.
12
Let c be (-283774)/(-506) - (-2)/11. Calculate the greatest common divisor of c and 11.
11
Let m = 41 + -28. Suppose 2*k = -z + 106, -k + 22 + 34 = 2*z. What is the highest common divisor of k and m?
13
Suppose -73*v - 156 = -79*v. What is the highest common divisor of v and 117?
13
Let z(m) = -m**3 + 7*m**2 + 5*m - 1. Let l be z(6). Let h(t) = t**2 - 2*t - 22. Let p be h(-5). What is the greatest common factor of l and p?
13
Let x = -402 + 404. Suppose -5*c - 6 = -2*h, 4*h + 5*c = h + 9. Suppose t + 0*s = -2*s, -s + 25 = h*t. What is the highest common factor of x and t?
2
Let b(l) = l**2 + 4*l. Let d = -14 - -10. Let p be b(d). Suppose p = 2*j + 5 - 17. Calculate the highest common divisor of 42 and j.
6
Let t(o) = o + 1. Let m be t(-1). Suppose 4*r = -5*d + 31 - 8, 3*d + 2*r - 13 = m. Suppose d*g = -2*g + 10. What is the greatest common factor of 2 and g?
2
Suppose 169 = 5*w - 2*f, f - 4 + 1 = 0. Calculate the greatest common factor of w and 28.
7
Let o(h) = -h**3 + 36*h**2 + 40*h - 90. Let f be o(37). What is the greatest common factor of f and 147?
21
Let a(j) = 119*j**2 - 5*j - 5. Let s be a(-1). Calculate the highest common divisor of 17 and s.
17
Suppose 0 = 18*s - 11*s - 112. What is the greatest common divisor of s and 68?
4
Suppose -4*w - x - 14 = -5*w, 5*w - 90 = -5*x. Calculate the greatest common divisor of w and 104.
8
Let b = 1286 + -782. What is the greatest common divisor of b and 72?
72
Let k(n) = 47*n - 1. Let s be k(2). Suppose -17 = -5*w - 4*j, 7*j = -w + 2*j - 5. Suppose -5 = w*f - 315. Calculate the highest common factor of f and s.
31
Let s be 9/(-1 - (-5)/2). Let z be -3*2*(71/(-50) + 2/(-25)). Calculate the greatest common divisor of z and s.
3
Suppose -8*x = -6*x - 54. Suppose 4*r = -5*b + 90, 4*r = 3*b + r - x. Let o be 2 + 22 + 2/((-6)/9). Calculate the highest common divisor of b and o.
7
Let c(n) = n + 10. Let w be c(4). Let j = w - 10. Let x be (30/j)/(5/10). What is the greatest common factor of 10 and x?
5
Let d = 854 - 503. What is the greatest common divisor of d and 39?
39
Let n(z) = 15*z + 10. Let x be n(21). Calculate the greatest common divisor of 65 and x.
65
Suppose -625 = -5*u + 5*f, -8*u + 11*u + 3*f = 393. What is the greatest common factor of u and 16?
16
Let c(d) = -d**2 + 55*d - 280. Let y be c(6). Calculate the highest common factor of y and 217.
7
Suppose -2*v + 4 = 6. Let p be v + (1 + -1 - 239). Let i be p/(-25)*45/6. Calculate the greatest common divisor of i and 8.
8
Suppose 48*q + 91 = 61*q. What is the highest common factor of 112 and q?
7
Let m(g) = 8*g**2 + g - 1. Let b be m(1). Let n = 182 - 181. Calculate the greatest common divisor of n and b.
1
Let s(d) = 82*d + 580. Let m be s(-7). Let y(l) = -l**3 - 6*l**2 + 6. Let q be y(-6). What is the greatest common factor of m and q?
6
Suppose -2*b + 37 = 2*b + 5*v, -5*b - 3*v = -56. Let q = -55 + b. Let d = -26 - q. What is the highest common divisor of 2 and d?
2
Let k be (-1 - -2*1) + 24. Let h = -19 - -14. Let n = k + h. Calculate the greatest common factor of n and 4.
4
Suppose -38*g + 192 = f - 39*g, -3*g = 0. Let b be ((-6)/4)/((-2)/16). Calculate the highest common divisor of f and b.
12
Let u(h) = 2*h**2 - h - 2. Let r be u(2). Let t = r + 7. Let q = -261 - -349. Calculate the highest common factor of q and t.
11
Let s(m) = m**2 - 8*m - 15. Suppose -10*o + 40 = -6*o. Let u be s(o). Suppose -u*n = 15, 6*n + 399 = 4*w + n. Calculate the greatest common divisor of w and 32.
32
Suppose 4*a + 30 = 7*a. Let h = 13 - a. Suppose 0*c + h*c - 24 = 0. What is the highest common factor of c and 72?
8
Let d(y) = 10*y - 13 + 6*y - 2*y**2 + 4*y**2 - 2. Let x be d(-9). Calculate the highest common divisor of x and 2.
1
Suppose -11*p = -2*r - 12*p + 47, -6 = -2*p. What is the greatest common factor of r and 22?
22
Let p(c) = 3*c**2 - 18*c - 37. Let t be p(9). Let o = -133 + 199. What is the greatest common factor of o and t?
22
Suppose -15*q + 14*q = -t - 119, 0 = 4*q + 2*t - 506. What is the highest common factor of 4 and q?
4
Let l = -675 + 951. What is the highest common divisor of 644 and l?
92
Suppose -w - 308 = -2*u + 327, -2*w = 5*u - 1610. What is the greatest common factor of u and 64?
64
Let w be (16/4 - 0)*1. Let k be 66/w + (9/(-6) - -1). What is the highest common factor of 40 and k?
8
Let w = 1288 + -1280. Suppose -4*b + 40 = b. What is the highest common divisor of b and w?
8
Let k(v) = v**3 - 10*v**2 - 5*v - 11. Let j be k(11). What is the highest common divisor of 55 and j?
55
Let n(b) = b - 9. Suppose 2*l - 52 = -2*l. Let a be n(l). Suppose 3*s + k - 3*k - 64 = 0, 4*s - 108 = -3*k. Calculate the greatest common factor of s and a.
4
Suppose -h + 6*h + 3*d - 118 = 0, d = h - 30. What is the greatest common divisor of 208 and h?
26
Suppose 2*o - 11 = q + o, -q - o = 11. Let w = -6 - q. Suppose 11 + 19 = w*y. What is the highest common factor of 3 and y?
3
Suppose 3*a = 4*a - 129. Calculate the highest common factor of 43 and a.
43
Let c = 16 - 9. Let a(z) = 2*z**3 - 3*z**2 - 12*z + 3. Let b be a(4). What is the greatest common divisor of c and b?
7
Let m be 1577/9 + ((-20)/9)/10. What is the highest common divisor of m and 35?
35
Suppose -5*n - 12 - 19 = 4*b, 0 = -2*n - 3*b - 18. Let j be (-208)/(-6)*n/(-2). Calculate the highest common factor of j and 13.
13
Let m = -6 - -10. Suppose 5*o - 4*y - 964 = 0, -m*o - 2*y = -2*o - 382. Suppose q + 3*q = o. Calculate the highest common divisor of q and 6.
6
Let s = -280 - -285. What is the greatest common factor of s and 1?
1
Suppose n = -4*d - 4, n + 12 = -2*n. Suppose -2*g - 14 = -b, 0 = -d*b + 4*b + g - 11. Let u = 117 + -81. Calculate the highest common factor of b and u.
4
Let u(n) = 5*n - 63. Let o be u(16). Let w(x) = 3*x**2 + x - 2. Let d be w(-5). What is the highest common factor of d and o?
17
Suppose 2*s + 5*b - 1 + 4 = 0, -18 = -4*s - 2*b. Let f = 622 - 568. Calcul